{"id":98,"date":"2016-03-07T23:12:31","date_gmt":"2016-03-07T22:12:31","guid":{"rendered":"http:\/\/www.schwaben-international.de\/schueleraustausch\/?page_id=98"},"modified":"2023-03-23T15:52:34","modified_gmt":"2023-03-23T14:52:34","slug":"chile","status":"publish","type":"page","link":"https:\/\/www.schwaben-international.de\/schueleraustausch\/laender-und-termine\/chile\/","title":{"rendered":"Chile"},"content":{"rendered":"<h1 class=\"entry-title-post\"><span style=\"color: #ff0000\"><a style=\"color: #ff0000\" href=\"https:\/\/www.schwaben-international.de\/schueleraustausch\/2023\/03\/wir-sagen-auf-wiedersehen-nach-33-jahren-geht-eine-aera-zu-ende\/\" rel=\"bookmark\">Wir sagen auf Wiedersehen! \u2013 Nach 33 Jahren geht eine \u00c4ra zu Ende<\/a><\/span><\/h1>\n<h6><\/h6>\n<h1 class=\"entry-title-post\"><span style=\"color: #ff6600\"><a style=\"color: #ff6600\" href=\"https:\/\/www.schwaben-international.de\/schueleraustausch\/2023\/03\/neuer-kooperationspartner-djo-deutschen-jugend-in-europa-landesverband-baden-wuerttemberg\/\" rel=\"bookmark\">Neuer Kooperationspartner djo \u2013 Deutschen Jugend in Europa Landesverband Baden-W\u00fcrttemberg<\/a><\/span><\/h1>\n<p>&nbsp;<\/p>\n<p>&nbsp;<\/p>\n<h1>2023<\/h1>\n<p><strong>Familienaufenthalt: Anfang Januar bis Ende Februar 2023 <\/strong><b><br \/>\n<strong><a href=\"https:\/\/www.schwaben-international.de\/schueleraustausch\/infos\/partnerschulen\/chile\/#c_anwandter\" target=\"_blank\" rel=\"noopener\">Deutsche Schule Carlos Anwandter, Valdivia<\/a><\/strong><br \/>\n<\/b>40 Sch\u00fcler*innen mit ausreichenden bis guten Deutschkenntnissen<br \/>\nAlter 15-17 Jahre<br \/>\n<strong><span style=\"color: #ff0000\">Diese Gruppe ist leider abgesagt worden.<\/span><br \/>\n<\/strong><\/p>\n<p>Die Sch\u00fclergruppe kommt in Begleitung von zwei Lehrer*innen am Flughafen Frankfurt an.<\/p>\n<p>Die Jugendlichen \u00fcbernachten eine Nacht in der Jugendherberge in Frankfurt und werden dort noch einemal von Schwaben International auf den Aufenthalt in der Gastfamilie, den Schulbesuch und die Anreise mit dem Zug zu ihrer Gastfamilie vorbereitet.<\/p>\n<p>Am Tag der Anreise k\u00f6nnen die Jugendlichen entweder von der Gastfamilie in der Jugendherberge Frankfurt abgeholt werden oder sie werden von uns zu ihren Z\u00fcgen gebracht.<\/p>\n<p>Sie wohnen f\u00fcnf Wochen bei der Gastfamilie und besuchen dort ein Gymnasium oder eine Gesamtschule.<\/p>\n<p>Nach dem Ende des Aufenthaltes in der Gastfamilie werden die Jugendlichen entweder von der Gastfamilie zum Flughafen Frankfurt gebracht oder sie fahren selbst\u00e4ndig mit dem Zug dorthin. Von dort fliegen sie gemeinsam zur\u00fcck nach Chile.<\/p>\n<hr \/>\n<h1>2023<\/h1>\n<p><strong>Keine Anfrage<br \/>\n<\/strong><strong><a href=\"https:\/\/www.schwaben-international.de\/schueleraustausch\/infos\/partnerschulen\/chile\/#ra_philippi\" target=\"_blank\" rel=\"noopener noreferrer\">Deutsche Schule R.A. Philippi, La Uni\u00f3n<\/a><br \/>\n<\/strong>10 Sch\u00fcler*innen mit guten Deutschkenntnissen<br \/>\nAlter 16-17 Jahre<\/p>\n<p>Die Sch\u00fclergruppe kommt, begleitet von einer Lehrerin am Frankfurt Flughafen an.<\/p>\n<p>Die Jugendlichen verbringen einen Tag in der Jugendherberge in Frankfurt und werden dort von Schwaben International auf den Aufenthalt in der Gastfamilie, den Schulbesuch und die Anreise mit dem Zug zu ihrer Gastfamilie vorbereitet.<\/p>\n<p>Am Tag der Anreise werden die Jugendlichen entweder von der Gastfamilie in der Jugendherberge Frankfurt abgeholt oder von uns am Hauptbahnhof Frankfurt zu ihren Z\u00fcgen gebracht.<\/p>\n<p>Sie wohnen sechs Wochen bei der Gastfamilie und besuchen dort ein Gymnasium oder eine Gesamtschule.<\/p>\n<p>Am Ende des Familienaufenthaltes werden die Sch\u00fclerinnen und Sch\u00fcler entweder von der Gastfamilie zum Frankfurter Flughafen gebracht oder sie fahren selbst\u00e4ndig mit dem Zug dorthin. Der Sch\u00fcleraustausch endet am Frankfurter Flughafen mit dem R\u00fcckflug nach Chile.<\/p>\n<p>Manche der Jugendlichen schlie\u00dfen an den Sch\u00fcleraustausch noch eine private Reise durch Deutschland und Europa an.<\/p>\n<hr \/>\n<p><strong>Keine Anfrage<br \/>\n<\/strong><strong><a href=\"https:\/\/www.schwaben-international.de\/schueleraustausch\/infos\/partnerschulen\/chile\/#villarrica\" target=\"_blank\" rel=\"noopener noreferrer\">Deutsche Schule <\/a><a href=\"https:\/\/www.schwaben-international.de\/schueleraustausch\/infos\/partnerschulen\/chile\/#villarrica\" target=\"_blank\" rel=\"noopener noreferrer\">Villarrica, Villarrica<\/a><br \/>\n<\/strong>10 Sch\u00fcler*innen mit guten Deutschkenntnissen<br \/>\nAlter 16-17 Jahre<\/p>\n<p>Die Sch\u00fclergruppe kommt,\u00a0begleitet von einer Lehrerin am Frankfurt Flughafen an.<\/p>\n<p>Die Jugendlichen verbringen einen Tag in der Jugendherberge in Frankfurt und werden dort von Schwaben International auf den Aufenthalt in der Gastfamilie, den Schulbesuch und die Anreise mit dem Zug zu ihrer Gastfamilie vorbereitet.<\/p>\n<p>Am Tag der Anreise werden die Jugendlichen entweder von der Gastfamilie in der Jugendherberge Frankfurt abgeholt oder von uns am Hauptbahnhof Frankfurt zu ihren Z\u00fcgen gebracht.<\/p>\n<p>Sie wohnen sechs Wochen bei der Gastfamilie und besuchen dort ein Gymnasium oder eine Gesamtschule.<\/p>\n<p>Nach dem Ende des Aufenthaltes in der Gastfamilie beginnt der touristische Teil des Deutschlandaufenthaltes in Form einer Rundreise, die die <a href=\"https:\/\/www.schwaben-international.de\/schueleraustausch\/infos\/partnerschulen\/chile\/#ra_philippi\" target=\"_blank\" rel=\"noopener noreferrer\"><strong>Deutsche Schule R.A Philippe<\/strong><\/a> in La Uni\u00f3n veranstaltet. Die Jugendlichen werden entweder von der Gastfamilie zum Treffpunkt f\u00fcr die Rundreise gebracht oder sie fahren selbst\u00e4ndig mit dem Zug dorthin.<\/p>\n<p>Die Rundreise endet am Frankfurter Flughafen mit dem R\u00fcckflug nach Chile.<\/p>\n","protected":false},"excerpt":{"rendered":"<p>Wir sagen auf Wiedersehen! \u2013 Nach 33 Jahren geht eine \u00c4ra zu Ende Neuer Kooperationspartner djo \u2013 Deutschen Jugend in Europa Landesverband Baden-W\u00fcrttemberg &nbsp; &nbsp; 2023 Familienaufenthalt: Anfang Januar bis Ende Februar 2023 Deutsche Schule Carlos Anwandter, Valdivia 40 Sch\u00fcler*innen mit ausreichenden bis guten Deutschkenntnissen Alter 15-17 Jahre Diese Gruppe ist leider abgesagt worden. Die Sch\u00fclergruppe kommt in Begleitung von zwei Lehrer*innen am Flughafen Frankfurt &hellip; <a href=\"https:\/\/www.schwaben-international.de\/schueleraustausch\/laender-und-termine\/chile\/\" class=\"more-link\">weiterlesen <span class=\"screen-reader-text\">Chile<\/span> <span class=\u201emeta-nav\u201c>&raquo;<\/span><\/a><\/p>\n","protected":false},"author":2,"featured_media":0,"parent":8,"menu_order":18,"comment_status":"closed","ping_status":"closed","template":"","meta":{"footnotes":""},"class_list":["post-98","page","type-page","status-publish","hentry"],"yoast_head":"<!-- This site is optimized with the Yoast SEO plugin v25.6 - https:\/\/yoast.com\/wordpress\/plugins\/seo\/ -->\n<title>Chile - Sch\u00fcleraustausch Schwaben International e.V.<\/title>\n<meta name=\"description\" content=\"Hier finden Sie die Termine f\u00fcr unseren Sch\u00fcleraustausch aus Chile und den Familienaufenthalt unserer Austauschsch\u00fcler im Winter 2017\/18.\" \/>\n<meta name=\"robots\" content=\"index, follow, max-snippet:-1, max-image-preview:large, max-video-preview:-1\" \/>\n<link rel=\"canonical\" href=\"https:\/\/www.schwaben-international.de\/schueleraustausch\/laender-und-termine\/chile\/\" \/>\n<meta property=\"og:locale\" content=\"de_DE\" \/>\n<meta property=\"og:type\" content=\"article\" \/>\n<meta property=\"og:title\" content=\"Chile - Sch\u00fcleraustausch Schwaben International e.V.\" \/>\n<meta property=\"og:description\" content=\"Hier finden Sie die Termine f\u00fcr unseren Sch\u00fcleraustausch aus Chile und den Familienaufenthalt unserer Austauschsch\u00fcler im Winter 2017\/18.\" \/>\n<meta property=\"og:url\" content=\"https:\/\/www.schwaben-international.de\/schueleraustausch\/laender-und-termine\/chile\/\" \/>\n<meta property=\"og:site_name\" content=\"Sch\u00fcleraustausch\" \/>\n<meta property=\"article:modified_time\" content=\"2023-03-23T14:52:34+00:00\" \/>\n<meta property=\"og:image\" content=\"https:\/\/www.schwaben-international.de\/schueleraustausch\/wp-content\/uploads\/sites\/2\/2016\/08\/allg-info-01.jpg\" \/>\n\t<meta property=\"og:image:width\" content=\"1200\" \/>\n\t<meta property=\"og:image:height\" content=\"300\" \/>\n\t<meta property=\"og:image:type\" content=\"image\/jpeg\" \/>\n<meta name=\"twitter:card\" content=\"summary_large_image\" \/>\n<meta name=\"twitter:label1\" content=\"Gesch\u00e4tzte Lesezeit\" \/>\n\t<meta name=\"twitter:data1\" content=\"3\u00a0Minuten\" \/>\n<script type=\"application\/ld+json\" class=\"yoast-schema-graph\">{\"@context\":\"https:\/\/schema.org\",\"@graph\":[{\"@type\":\"WebPage\",\"@id\":\"https:\/\/www.schwaben-international.de\/schueleraustausch\/laender-und-termine\/chile\/\",\"url\":\"https:\/\/www.schwaben-international.de\/schueleraustausch\/laender-und-termine\/chile\/\",\"name\":\"Chile - Sch\u00fcleraustausch Schwaben International e.V.\",\"isPartOf\":{\"@id\":\"https:\/\/www.schwaben-international.de\/schueleraustausch\/#website\"},\"datePublished\":\"2016-03-07T22:12:31+00:00\",\"dateModified\":\"2023-03-23T14:52:34+00:00\",\"description\":\"Hier finden Sie die Termine f\u00fcr unseren Sch\u00fcleraustausch aus Chile und den Familienaufenthalt unserer Austauschsch\u00fcler im Winter 2017\/18.\",\"breadcrumb\":{\"@id\":\"https:\/\/www.schwaben-international.de\/schueleraustausch\/laender-und-termine\/chile\/#breadcrumb\"},\"inLanguage\":\"de\",\"potentialAction\":[{\"@type\":\"ReadAction\",\"target\":[\"https:\/\/www.schwaben-international.de\/schueleraustausch\/laender-und-termine\/chile\/\"]}]},{\"@type\":\"BreadcrumbList\",\"@id\":\"https:\/\/www.schwaben-international.de\/schueleraustausch\/laender-und-termine\/chile\/#breadcrumb\",\"itemListElement\":[{\"@type\":\"ListItem\",\"position\":1,\"name\":\"Startseite\",\"item\":\"https:\/\/www.schwaben-international.de\/schueleraustausch\/\"},{\"@type\":\"ListItem\",\"position\":2,\"name\":\"L\u00e4nder und Termine\",\"item\":\"https:\/\/www.schwaben-international.de\/schueleraustausch\/laender-und-termine\/\"},{\"@type\":\"ListItem\",\"position\":3,\"name\":\"Chile\"}]},{\"@type\":\"WebSite\",\"@id\":\"https:\/\/www.schwaben-international.de\/schueleraustausch\/#website\",\"url\":\"https:\/\/www.schwaben-international.de\/schueleraustausch\/\",\"name\":\"Sch\u00fcleraustausch\",\"description\":\"Schwaben International e.V.\",\"publisher\":{\"@id\":\"https:\/\/www.schwaben-international.de\/schueleraustausch\/#organization\"},\"potentialAction\":[{\"@type\":\"SearchAction\",\"target\":{\"@type\":\"EntryPoint\",\"urlTemplate\":\"https:\/\/www.schwaben-international.de\/schueleraustausch\/?s={search_term_string}\"},\"query-input\":{\"@type\":\"PropertyValueSpecification\",\"valueRequired\":true,\"valueName\":\"search_term_string\"}}],\"inLanguage\":\"de\"},{\"@type\":\"Organization\",\"@id\":\"https:\/\/www.schwaben-international.de\/schueleraustausch\/#organization\",\"name\":\"Schwaben International e.V.\",\"url\":\"https:\/\/www.schwaben-international.de\/schueleraustausch\/\",\"logo\":{\"@type\":\"ImageObject\",\"inLanguage\":\"de\",\"@id\":\"https:\/\/www.schwaben-international.de\/schueleraustausch\/#\/schema\/logo\/image\/\",\"url\":\"https:\/\/www.schwaben-international.de\/schueleraustausch\/wp-content\/uploads\/sites\/2\/2016\/08\/logo-1.png\",\"contentUrl\":\"https:\/\/www.schwaben-international.de\/schueleraustausch\/wp-content\/uploads\/sites\/2\/2016\/08\/logo-1.png\",\"width\":300,\"height\":90,\"caption\":\"Schwaben International e.V.\"},\"image\":{\"@id\":\"https:\/\/www.schwaben-international.de\/schueleraustausch\/#\/schema\/logo\/image\/\"}}]}<\/script>\n<!-- \/ Yoast SEO plugin. -->","yoast_head_json":{"title":"Chile - Sch\u00fcleraustausch Schwaben International e.V.","description":"Hier finden Sie die Termine f\u00fcr unseren Sch\u00fcleraustausch aus Chile und den Familienaufenthalt unserer Austauschsch\u00fcler im Winter 2017\/18.","robots":{"index":"index","follow":"follow","max-snippet":"max-snippet:-1","max-image-preview":"max-image-preview:large","max-video-preview":"max-video-preview:-1"},"canonical":"https:\/\/www.schwaben-international.de\/schueleraustausch\/laender-und-termine\/chile\/","og_locale":"de_DE","og_type":"article","og_title":"Chile - Sch\u00fcleraustausch Schwaben International e.V.","og_description":"Hier finden Sie die Termine f\u00fcr unseren Sch\u00fcleraustausch aus Chile und den Familienaufenthalt unserer Austauschsch\u00fcler im Winter 2017\/18.","og_url":"https:\/\/www.schwaben-international.de\/schueleraustausch\/laender-und-termine\/chile\/","og_site_name":"Sch\u00fcleraustausch","article_modified_time":"2023-03-23T14:52:34+00:00","og_image":[{"width":1200,"height":300,"url":"https:\/\/www.schwaben-international.de\/schueleraustausch\/wp-content\/uploads\/sites\/2\/2016\/08\/allg-info-01.jpg","type":"image\/jpeg"}],"twitter_card":"summary_large_image","twitter_misc":{"Gesch\u00e4tzte Lesezeit":"3\u00a0Minuten"},"schema":{"@context":"https:\/\/schema.org","@graph":[{"@type":"WebPage","@id":"https:\/\/www.schwaben-international.de\/schueleraustausch\/laender-und-termine\/chile\/","url":"https:\/\/www.schwaben-international.de\/schueleraustausch\/laender-und-termine\/chile\/","name":"Chile - Sch\u00fcleraustausch Schwaben International e.V.","isPartOf":{"@id":"https:\/\/www.schwaben-international.de\/schueleraustausch\/#website"},"datePublished":"2016-03-07T22:12:31+00:00","dateModified":"2023-03-23T14:52:34+00:00","description":"Hier finden Sie die Termine f\u00fcr unseren Sch\u00fcleraustausch aus Chile und den Familienaufenthalt unserer Austauschsch\u00fcler im Winter 2017\/18.","breadcrumb":{"@id":"https:\/\/www.schwaben-international.de\/schueleraustausch\/laender-und-termine\/chile\/#breadcrumb"},"inLanguage":"de","potentialAction":[{"@type":"ReadAction","target":["https:\/\/www.schwaben-international.de\/schueleraustausch\/laender-und-termine\/chile\/"]}]},{"@type":"BreadcrumbList","@id":"https:\/\/www.schwaben-international.de\/schueleraustausch\/laender-und-termine\/chile\/#breadcrumb","itemListElement":[{"@type":"ListItem","position":1,"name":"Startseite","item":"https:\/\/www.schwaben-international.de\/schueleraustausch\/"},{"@type":"ListItem","position":2,"name":"L\u00e4nder und Termine","item":"https:\/\/www.schwaben-international.de\/schueleraustausch\/laender-und-termine\/"},{"@type":"ListItem","position":3,"name":"Chile"}]},{"@type":"WebSite","@id":"https:\/\/www.schwaben-international.de\/schueleraustausch\/#website","url":"https:\/\/www.schwaben-international.de\/schueleraustausch\/","name":"Sch\u00fcleraustausch","description":"Schwaben International e.V.","publisher":{"@id":"https:\/\/www.schwaben-international.de\/schueleraustausch\/#organization"},"potentialAction":[{"@type":"SearchAction","target":{"@type":"EntryPoint","urlTemplate":"https:\/\/www.schwaben-international.de\/schueleraustausch\/?s={search_term_string}"},"query-input":{"@type":"PropertyValueSpecification","valueRequired":true,"valueName":"search_term_string"}}],"inLanguage":"de"},{"@type":"Organization","@id":"https:\/\/www.schwaben-international.de\/schueleraustausch\/#organization","name":"Schwaben International e.V.","url":"https:\/\/www.schwaben-international.de\/schueleraustausch\/","logo":{"@type":"ImageObject","inLanguage":"de","@id":"https:\/\/www.schwaben-international.de\/schueleraustausch\/#\/schema\/logo\/image\/","url":"https:\/\/www.schwaben-international.de\/schueleraustausch\/wp-content\/uploads\/sites\/2\/2016\/08\/logo-1.png","contentUrl":"https:\/\/www.schwaben-international.de\/schueleraustausch\/wp-content\/uploads\/sites\/2\/2016\/08\/logo-1.png","width":300,"height":90,"caption":"Schwaben International e.V."},"image":{"@id":"https:\/\/www.schwaben-international.de\/schueleraustausch\/#\/schema\/logo\/image\/"}}]}},"_links":{"self":[{"href":"https:\/\/www.schwaben-international.de\/schueleraustausch\/wp-json\/wp\/v2\/pages\/98","targetHints":{"allow":["GET"]}}],"collection":[{"href":"https:\/\/www.schwaben-international.de\/schueleraustausch\/wp-json\/wp\/v2\/pages"}],"about":[{"href":"https:\/\/www.schwaben-international.de\/schueleraustausch\/wp-json\/wp\/v2\/types\/page"}],"author":[{"embeddable":true,"href":"https:\/\/www.schwaben-international.de\/schueleraustausch\/wp-json\/wp\/v2\/users\/2"}],"replies":[{"embeddable":true,"href":"https:\/\/www.schwaben-international.de\/schueleraustausch\/wp-json\/wp\/v2\/comments?post=98"}],"version-history":[{"count":2,"href":"https:\/\/www.schwaben-international.de\/schueleraustausch\/wp-json\/wp\/v2\/pages\/98\/revisions"}],"predecessor-version":[{"id":3290,"href":"https:\/\/www.schwaben-international.de\/schueleraustausch\/wp-json\/wp\/v2\/pages\/98\/revisions\/3290"}],"up":[{"embeddable":true,"href":"https:\/\/www.schwaben-international.de\/schueleraustausch\/wp-json\/wp\/v2\/pages\/8"}],"wp:attachment":[{"href":"https:\/\/www.schwaben-international.de\/schueleraustausch\/wp-json\/wp\/v2\/media?parent=98"}],"curies":[{"name":"wp","href":"https:\/\/api.w.org\/{rel}","templated":true}]}}