{"id":96,"date":"2016-03-07T23:12:00","date_gmt":"2016-03-07T22:12:00","guid":{"rendered":"http:\/\/www.schwaben-international.de\/schueleraustausch\/?page_id=96"},"modified":"2023-03-23T15:55:26","modified_gmt":"2023-03-23T14:55:26","slug":"brasilien","status":"publish","type":"page","link":"https:\/\/www.schwaben-international.de\/schueleraustausch\/laender-und-termine\/brasilien\/","title":{"rendered":"Brasilien"},"content":{"rendered":"<h1 class=\"entry-title-post\"><span style=\"color: #ff0000\"><a style=\"color: #ff0000\" href=\"https:\/\/www.schwaben-international.de\/schueleraustausch\/2023\/03\/wir-sagen-auf-wiedersehen-nach-33-jahren-geht-eine-aera-zu-ende\/\" rel=\"bookmark\">Wir sagen auf Wiedersehen! \u2013 Nach 33 Jahren geht eine \u00c4ra zu Ende<\/a><\/span><\/h1>\n<h6><\/h6>\n<h1 class=\"entry-title-post\"><a href=\"https:\/\/www.schwaben-international.de\/schueleraustausch\/2023\/03\/neuer-kooperationspartner-djo-deutschen-jugend-in-europa-landesverband-baden-wuerttemberg\/\" rel=\"bookmark\"><span style=\"color: #ff6600\">Neuer Kooperationspartner djo \u2013 Deutschen Jugend in Europa Landesverband Baden-W\u00fcrttemberg<\/span><\/a><\/h1>\n<p>&nbsp;<\/p>\n<p>&nbsp;<\/p>\n<h1><strong>2023<\/strong><\/h1>\n<p><strong>Familienaufenthalt: 14. Januar bis 08. Februar 2023<\/strong><b><br \/>\n<strong><a href=\"https:\/\/www.schwaben-international.de\/schueleraustausch\/infos\/partnerschulen\/brasilien\/\">Pastor Dohms Schule, Porto Alegre<\/a><\/strong><br \/>\n<\/b>20 Sch\u00fcler*innen mit guten Deutschkenntnissen<br \/>\nAlter 15-17 Jahre<br \/>\n<span style=\"color: #ff0000\"><strong>Diese Gruppe ist aufgrund zu wenig Teilnehmer*innen leider abgesagt.<\/strong><\/span><\/p>\n<p>Die Sch\u00fclergruppe kommt zusammen mit zwei Lehrerin am M\u00fcnchner Flughafen an. Dort beginnt der Aufenthalt mit einer 11-t\u00e4gigen touristischen Rundreise.<br \/>\nIn den vier Tagen in M\u00fcnchen werden von dort aus unter anderem die Gedenkst\u00e4tte Dachau und das Schloss Neuschwanstein besucht. Anschlie\u00dfend fahren die Jugendlichen f\u00fcr drei weitere Tage nach Wien und besuchen dort Schloss Sch\u00f6nbrunn und die Wiener Staatsoper. Von Wien geht es mit dem Zug weiter f\u00fcr zwei Tage nach Innsbruck und von dort weiter nach Stuttgart..<br \/>\nDer touristische Teil der Reise endet mit einem zweit\u00e4gigen Aufenthalt in Stuttgart, dem Besuch eines Musicals, des Mercedes Museums und des zoologischen Gartens Wilhelma.<br \/>\nIn Stuttgart werden die Jugendlichen von Schwaben International auf den Aufenthalt bei der Gastfamilie, den Schulbesuch und die Reise mit dem Zug zur Gastfamilie vorbereitet.<br \/>\nAm Tag der Anreise zu den Gastfamilien werden die Jugendlichen entweder von ihrer Gastfamilie in der Jugendherberge Stuttgart abgeholt oder von Schwaben International am Hauptbahnhof Stuttgart zu ihren Z\u00fcgen gebracht.<br \/>\nDie Austauschsch\u00fcler*innen verbringen knappe vier Wochen bei der Gastfamilie und besuchen dort ein Gymnasium oder eine Gesamtschule.<br \/>\nAm Ende des Familienaufenthalts werden die Jugendlichen entweder von der Gastfamilie zum Hauptbahnhof Hamburg gebracht oder sie fahren selbst\u00e4ndig mit dem Zug dorthin.<br \/>\nIn Hamburg beginnt der zweite Teil der touristischen Rundreise. Nach drei Tagen geht es f\u00fcr drei weitere Tage nach Berlin.<br \/>\nVon Berlin fliegen die Jugendlichen zur\u00fcck nach Porto Alegre.<\/p>\n<p>&nbsp;<\/p>\n","protected":false},"excerpt":{"rendered":"<p>Wir sagen auf Wiedersehen! \u2013 Nach 33 Jahren geht eine \u00c4ra zu Ende Neuer Kooperationspartner djo \u2013 Deutschen Jugend in Europa Landesverband Baden-W\u00fcrttemberg &nbsp; &nbsp; 2023 Familienaufenthalt: 14. Januar bis 08. Februar 2023 Pastor Dohms Schule, Porto Alegre 20 Sch\u00fcler*innen mit guten Deutschkenntnissen Alter 15-17 Jahre Diese Gruppe ist aufgrund zu wenig Teilnehmer*innen leider abgesagt. Die Sch\u00fclergruppe kommt zusammen mit zwei Lehrerin am M\u00fcnchner Flughafen &hellip; <a href=\"https:\/\/www.schwaben-international.de\/schueleraustausch\/laender-und-termine\/brasilien\/\" class=\"more-link\">weiterlesen <span class=\"screen-reader-text\">Brasilien<\/span> <span class=\u201emeta-nav\u201c>&raquo;<\/span><\/a><\/p>\n","protected":false},"author":2,"featured_media":0,"parent":8,"menu_order":21,"comment_status":"closed","ping_status":"closed","template":"","meta":{"footnotes":""},"class_list":["post-96","page","type-page","status-publish","hentry"],"yoast_head":"<!-- This site is optimized with the Yoast SEO plugin v25.6 - https:\/\/yoast.com\/wordpress\/plugins\/seo\/ -->\n<title>Brasilien - Sch\u00fcleraustausch Schwaben International e.V.<\/title>\n<meta name=\"description\" content=\"Hier finden Sie die Termine f\u00fcr unseren Sch\u00fcleraustausch aus Brasilien und den Familienaufenthalt unserer Austauschsch\u00fcler im Winter 2017\/18.\" \/>\n<meta name=\"robots\" content=\"index, follow, max-snippet:-1, max-image-preview:large, max-video-preview:-1\" \/>\n<link rel=\"canonical\" href=\"https:\/\/www.schwaben-international.de\/schueleraustausch\/laender-und-termine\/brasilien\/\" \/>\n<meta property=\"og:locale\" content=\"de_DE\" \/>\n<meta property=\"og:type\" content=\"article\" \/>\n<meta property=\"og:title\" content=\"Brasilien - Sch\u00fcleraustausch Schwaben International e.V.\" \/>\n<meta property=\"og:description\" content=\"Hier finden Sie die Termine f\u00fcr unseren Sch\u00fcleraustausch aus Brasilien und den Familienaufenthalt unserer Austauschsch\u00fcler im Winter 2017\/18.\" \/>\n<meta property=\"og:url\" content=\"https:\/\/www.schwaben-international.de\/schueleraustausch\/laender-und-termine\/brasilien\/\" \/>\n<meta property=\"og:site_name\" content=\"Sch\u00fcleraustausch\" \/>\n<meta property=\"article:modified_time\" content=\"2023-03-23T14:55:26+00:00\" \/>\n<meta property=\"og:image\" content=\"https:\/\/www.schwaben-international.de\/schueleraustausch\/wp-content\/uploads\/sites\/2\/2016\/08\/allg-info-01.jpg\" \/>\n\t<meta property=\"og:image:width\" content=\"1200\" \/>\n\t<meta property=\"og:image:height\" content=\"300\" \/>\n\t<meta property=\"og:image:type\" content=\"image\/jpeg\" \/>\n<meta name=\"twitter:card\" content=\"summary_large_image\" \/>\n<meta name=\"twitter:label1\" content=\"Gesch\u00e4tzte Lesezeit\" \/>\n\t<meta name=\"twitter:data1\" content=\"2\u00a0Minuten\" \/>\n<script type=\"application\/ld+json\" class=\"yoast-schema-graph\">{\"@context\":\"https:\/\/schema.org\",\"@graph\":[{\"@type\":\"WebPage\",\"@id\":\"https:\/\/www.schwaben-international.de\/schueleraustausch\/laender-und-termine\/brasilien\/\",\"url\":\"https:\/\/www.schwaben-international.de\/schueleraustausch\/laender-und-termine\/brasilien\/\",\"name\":\"Brasilien - Sch\u00fcleraustausch Schwaben International e.V.\",\"isPartOf\":{\"@id\":\"https:\/\/www.schwaben-international.de\/schueleraustausch\/#website\"},\"datePublished\":\"2016-03-07T22:12:00+00:00\",\"dateModified\":\"2023-03-23T14:55:26+00:00\",\"description\":\"Hier finden Sie die Termine f\u00fcr unseren Sch\u00fcleraustausch aus Brasilien und den Familienaufenthalt unserer Austauschsch\u00fcler im Winter 2017\/18.\",\"breadcrumb\":{\"@id\":\"https:\/\/www.schwaben-international.de\/schueleraustausch\/laender-und-termine\/brasilien\/#breadcrumb\"},\"inLanguage\":\"de\",\"potentialAction\":[{\"@type\":\"ReadAction\",\"target\":[\"https:\/\/www.schwaben-international.de\/schueleraustausch\/laender-und-termine\/brasilien\/\"]}]},{\"@type\":\"BreadcrumbList\",\"@id\":\"https:\/\/www.schwaben-international.de\/schueleraustausch\/laender-und-termine\/brasilien\/#breadcrumb\",\"itemListElement\":[{\"@type\":\"ListItem\",\"position\":1,\"name\":\"Startseite\",\"item\":\"https:\/\/www.schwaben-international.de\/schueleraustausch\/\"},{\"@type\":\"ListItem\",\"position\":2,\"name\":\"L\u00e4nder und Termine\",\"item\":\"https:\/\/www.schwaben-international.de\/schueleraustausch\/laender-und-termine\/\"},{\"@type\":\"ListItem\",\"position\":3,\"name\":\"Brasilien\"}]},{\"@type\":\"WebSite\",\"@id\":\"https:\/\/www.schwaben-international.de\/schueleraustausch\/#website\",\"url\":\"https:\/\/www.schwaben-international.de\/schueleraustausch\/\",\"name\":\"Sch\u00fcleraustausch\",\"description\":\"Schwaben International e.V.\",\"publisher\":{\"@id\":\"https:\/\/www.schwaben-international.de\/schueleraustausch\/#organization\"},\"potentialAction\":[{\"@type\":\"SearchAction\",\"target\":{\"@type\":\"EntryPoint\",\"urlTemplate\":\"https:\/\/www.schwaben-international.de\/schueleraustausch\/?s={search_term_string}\"},\"query-input\":{\"@type\":\"PropertyValueSpecification\",\"valueRequired\":true,\"valueName\":\"search_term_string\"}}],\"inLanguage\":\"de\"},{\"@type\":\"Organization\",\"@id\":\"https:\/\/www.schwaben-international.de\/schueleraustausch\/#organization\",\"name\":\"Schwaben International e.V.\",\"url\":\"https:\/\/www.schwaben-international.de\/schueleraustausch\/\",\"logo\":{\"@type\":\"ImageObject\",\"inLanguage\":\"de\",\"@id\":\"https:\/\/www.schwaben-international.de\/schueleraustausch\/#\/schema\/logo\/image\/\",\"url\":\"https:\/\/www.schwaben-international.de\/schueleraustausch\/wp-content\/uploads\/sites\/2\/2016\/08\/logo-1.png\",\"contentUrl\":\"https:\/\/www.schwaben-international.de\/schueleraustausch\/wp-content\/uploads\/sites\/2\/2016\/08\/logo-1.png\",\"width\":300,\"height\":90,\"caption\":\"Schwaben International e.V.\"},\"image\":{\"@id\":\"https:\/\/www.schwaben-international.de\/schueleraustausch\/#\/schema\/logo\/image\/\"}}]}<\/script>\n<!-- \/ Yoast SEO plugin. -->","yoast_head_json":{"title":"Brasilien - Sch\u00fcleraustausch Schwaben International e.V.","description":"Hier finden Sie die Termine f\u00fcr unseren Sch\u00fcleraustausch aus Brasilien und den Familienaufenthalt unserer Austauschsch\u00fcler im Winter 2017\/18.","robots":{"index":"index","follow":"follow","max-snippet":"max-snippet:-1","max-image-preview":"max-image-preview:large","max-video-preview":"max-video-preview:-1"},"canonical":"https:\/\/www.schwaben-international.de\/schueleraustausch\/laender-und-termine\/brasilien\/","og_locale":"de_DE","og_type":"article","og_title":"Brasilien - Sch\u00fcleraustausch Schwaben International e.V.","og_description":"Hier finden Sie die Termine f\u00fcr unseren Sch\u00fcleraustausch aus Brasilien und den Familienaufenthalt unserer Austauschsch\u00fcler im Winter 2017\/18.","og_url":"https:\/\/www.schwaben-international.de\/schueleraustausch\/laender-und-termine\/brasilien\/","og_site_name":"Sch\u00fcleraustausch","article_modified_time":"2023-03-23T14:55:26+00:00","og_image":[{"width":1200,"height":300,"url":"https:\/\/www.schwaben-international.de\/schueleraustausch\/wp-content\/uploads\/sites\/2\/2016\/08\/allg-info-01.jpg","type":"image\/jpeg"}],"twitter_card":"summary_large_image","twitter_misc":{"Gesch\u00e4tzte Lesezeit":"2\u00a0Minuten"},"schema":{"@context":"https:\/\/schema.org","@graph":[{"@type":"WebPage","@id":"https:\/\/www.schwaben-international.de\/schueleraustausch\/laender-und-termine\/brasilien\/","url":"https:\/\/www.schwaben-international.de\/schueleraustausch\/laender-und-termine\/brasilien\/","name":"Brasilien - Sch\u00fcleraustausch Schwaben International e.V.","isPartOf":{"@id":"https:\/\/www.schwaben-international.de\/schueleraustausch\/#website"},"datePublished":"2016-03-07T22:12:00+00:00","dateModified":"2023-03-23T14:55:26+00:00","description":"Hier finden Sie die Termine f\u00fcr unseren Sch\u00fcleraustausch aus Brasilien und den Familienaufenthalt unserer Austauschsch\u00fcler im Winter 2017\/18.","breadcrumb":{"@id":"https:\/\/www.schwaben-international.de\/schueleraustausch\/laender-und-termine\/brasilien\/#breadcrumb"},"inLanguage":"de","potentialAction":[{"@type":"ReadAction","target":["https:\/\/www.schwaben-international.de\/schueleraustausch\/laender-und-termine\/brasilien\/"]}]},{"@type":"BreadcrumbList","@id":"https:\/\/www.schwaben-international.de\/schueleraustausch\/laender-und-termine\/brasilien\/#breadcrumb","itemListElement":[{"@type":"ListItem","position":1,"name":"Startseite","item":"https:\/\/www.schwaben-international.de\/schueleraustausch\/"},{"@type":"ListItem","position":2,"name":"L\u00e4nder und Termine","item":"https:\/\/www.schwaben-international.de\/schueleraustausch\/laender-und-termine\/"},{"@type":"ListItem","position":3,"name":"Brasilien"}]},{"@type":"WebSite","@id":"https:\/\/www.schwaben-international.de\/schueleraustausch\/#website","url":"https:\/\/www.schwaben-international.de\/schueleraustausch\/","name":"Sch\u00fcleraustausch","description":"Schwaben International e.V.","publisher":{"@id":"https:\/\/www.schwaben-international.de\/schueleraustausch\/#organization"},"potentialAction":[{"@type":"SearchAction","target":{"@type":"EntryPoint","urlTemplate":"https:\/\/www.schwaben-international.de\/schueleraustausch\/?s={search_term_string}"},"query-input":{"@type":"PropertyValueSpecification","valueRequired":true,"valueName":"search_term_string"}}],"inLanguage":"de"},{"@type":"Organization","@id":"https:\/\/www.schwaben-international.de\/schueleraustausch\/#organization","name":"Schwaben International e.V.","url":"https:\/\/www.schwaben-international.de\/schueleraustausch\/","logo":{"@type":"ImageObject","inLanguage":"de","@id":"https:\/\/www.schwaben-international.de\/schueleraustausch\/#\/schema\/logo\/image\/","url":"https:\/\/www.schwaben-international.de\/schueleraustausch\/wp-content\/uploads\/sites\/2\/2016\/08\/logo-1.png","contentUrl":"https:\/\/www.schwaben-international.de\/schueleraustausch\/wp-content\/uploads\/sites\/2\/2016\/08\/logo-1.png","width":300,"height":90,"caption":"Schwaben International e.V."},"image":{"@id":"https:\/\/www.schwaben-international.de\/schueleraustausch\/#\/schema\/logo\/image\/"}}]}},"_links":{"self":[{"href":"https:\/\/www.schwaben-international.de\/schueleraustausch\/wp-json\/wp\/v2\/pages\/96","targetHints":{"allow":["GET"]}}],"collection":[{"href":"https:\/\/www.schwaben-international.de\/schueleraustausch\/wp-json\/wp\/v2\/pages"}],"about":[{"href":"https:\/\/www.schwaben-international.de\/schueleraustausch\/wp-json\/wp\/v2\/types\/page"}],"author":[{"embeddable":true,"href":"https:\/\/www.schwaben-international.de\/schueleraustausch\/wp-json\/wp\/v2\/users\/2"}],"replies":[{"embeddable":true,"href":"https:\/\/www.schwaben-international.de\/schueleraustausch\/wp-json\/wp\/v2\/comments?post=96"}],"version-history":[{"count":3,"href":"https:\/\/www.schwaben-international.de\/schueleraustausch\/wp-json\/wp\/v2\/pages\/96\/revisions"}],"predecessor-version":[{"id":3294,"href":"https:\/\/www.schwaben-international.de\/schueleraustausch\/wp-json\/wp\/v2\/pages\/96\/revisions\/3294"}],"up":[{"embeddable":true,"href":"https:\/\/www.schwaben-international.de\/schueleraustausch\/wp-json\/wp\/v2\/pages\/8"}],"wp:attachment":[{"href":"https:\/\/www.schwaben-international.de\/schueleraustausch\/wp-json\/wp\/v2\/media?parent=96"}],"curies":[{"name":"wp","href":"https:\/\/api.w.org\/{rel}","templated":true}]}}