{"id":355,"date":"2016-08-21T20:18:18","date_gmt":"2016-08-21T18:18:18","guid":{"rendered":"http:\/\/www.schwaben-international.de\/schueleraustausch\/?page_id=355"},"modified":"2023-03-27T10:04:25","modified_gmt":"2023-03-27T08:04:25","slug":"argentinien","status":"publish","type":"page","link":"https:\/\/www.schwaben-international.de\/schueleraustausch\/infos\/partnerschulen\/argentinien\/","title":{"rendered":"Partnerorganisation in Argentinien"},"content":{"rendered":"<h1 class=\"entry-title-post\"><a href=\"https:\/\/www.schwaben-international.de\/schueleraustausch\/2023\/03\/wir-sagen-auf-wiedersehen-nach-33-jahren-geht-eine-aera-zu-ende\/\" rel=\"bookmark\"><span style=\"color: #ff0000\">Wir sagen auf Wiedersehen! \u2013 Nach 33 Jahren geht eine \u00c4ra zu Ende<\/span><\/a><\/h1>\n<h6><\/h6>\n<h1 class=\"entry-title-post\"><span style=\"color: #ff6600\"><a style=\"color: #ff6600\" href=\"https:\/\/www.schwaben-international.de\/schueleraustausch\/2023\/03\/neuer-kooperationspartner-djo-deutschen-jugend-in-europa-landesverband-baden-wuerttemberg\/\" rel=\"bookmark\">Neuer Kooperationspartner djo \u2013 Deutschen Jugend in Europa Landesverband Baden-W\u00fcrttemberg<\/a><\/span><\/h1>\n<h2><\/h2>\n<p>&nbsp;<\/p>\n<p>&nbsp;<\/p>\n<h2><strong>Fundaci\u00f3n Wachnitz <\/strong><\/h2>\n<p>Bei der Durchf\u00fchrung der Austauschprogramme mit Sch\u00fcler*innen aus den argentinischen Provinzen Eldorado, Misiones, Santa Fe, Chaco und Buenos Aires kooperieren wir nicht mit den jeweiligen Schulen, sondern mit der Fundacion Wachnitz. Die Stiftung bereitet den Deutschlandaufenthalt der argentinischen Sch\u00fcler*innen vor, bespricht mit den Jugendlichen und ihren Eltern alles, was sie \u00fcber das Leben in den Gastfamilien, den Schulbesuch und \u00fcber die kulturellen Unterschiede wissen sollten.<\/p>\n<p>Die von Frau Wachnitz im Jahr 1994 gegr\u00fcndete Stiftung engagiert sich seit 25 Jahren auf vielf\u00e4ltige Art und Weise f\u00fcr die F\u00f6rderung der deutschen Sprache und Kultur in Argentinien. Dazu z\u00e4hlen die regelm\u00e4\u00dfige Durchf\u00fchrung des Sch\u00fcleraustauschs von und nach Deutschland; Fremdsprachenkurse in Deutsch f\u00fcr alle Niveaus und ab dem Alter von f\u00fcnf Jahren; einj\u00e4hrige Au-pair-Aufenthalte in Deutschland; regionale Aus- und Fortbildungen von Deutschlehrer*innen sowie Filmvorf\u00fchrungen und Radiosendungen in deutscher Sprache. Die Stiftung ist Partnerin des Goethe-Instituts Buenos Aires, arbeitet mit PaSch-Projekten (Schulen, Partner der Zukunft) zusammen, sammelt in Deutschland Spenden f\u00fcr Bed\u00fcrftige; unterst\u00fctzt Kinderheime in Argentinien mit deutschen Freiwilligen und noch Vieles mehr.<\/p>\n<p>Auch bei den Gegenbesuchen von deutschen Sch\u00fcler*innen bei argentinischen Gastfamilien k\u00f6nnen wir uns auf die langj\u00e4hrigen Erfahrungen der Wachnitz-Stiftung st\u00fctzen. Die Jugendlichen werden w\u00e4hrend der Zeit in Argentinien bestens betreut und alle organisatorischen Aufgaben, die f\u00fcr einen problemlosen Aufenthalt erforderlich sind, werden verantwortungsvoll ausgef\u00fchrt.<\/p>\n","protected":false},"excerpt":{"rendered":"<p>Wir sagen auf Wiedersehen! \u2013 Nach 33 Jahren geht eine \u00c4ra zu Ende Neuer Kooperationspartner djo \u2013 Deutschen Jugend in Europa Landesverband Baden-W\u00fcrttemberg &nbsp; &nbsp; Fundaci\u00f3n Wachnitz Bei der Durchf\u00fchrung der Austauschprogramme mit Sch\u00fcler*innen aus den argentinischen Provinzen Eldorado, Misiones, Santa Fe, Chaco und Buenos Aires kooperieren wir nicht mit den jeweiligen Schulen, sondern mit der Fundacion Wachnitz. Die Stiftung bereitet den Deutschlandaufenthalt der argentinischen &hellip; <a href=\"https:\/\/www.schwaben-international.de\/schueleraustausch\/infos\/partnerschulen\/argentinien\/\" class=\"more-link\">weiterlesen <span class=\"screen-reader-text\">Partnerorganisation in Argentinien<\/span> <span class=\u201emeta-nav\u201c>&raquo;<\/span><\/a><\/p>\n","protected":false},"author":2,"featured_media":0,"parent":52,"menu_order":13,"comment_status":"closed","ping_status":"closed","template":"","meta":{"footnotes":""},"class_list":["post-355","page","type-page","status-publish","hentry"],"yoast_head":"<!-- This site is optimized with the Yoast SEO plugin v25.6 - https:\/\/yoast.com\/wordpress\/plugins\/seo\/ -->\n<title>Partnerorganisation in Argentinien - Sch\u00fcleraustausch Schwaben International e.V.<\/title>\n<meta name=\"description\" content=\"Schwaben International organisiert den Sch\u00fcleraustausch mit der Schule Eduardo L. Holmberg\u2013Schule. J\u00e4hrlich kommen Sch\u00fcler zum Austausch nach Deutschland.\" \/>\n<meta name=\"robots\" content=\"index, follow, max-snippet:-1, max-image-preview:large, max-video-preview:-1\" \/>\n<link rel=\"canonical\" href=\"https:\/\/www.schwaben-international.de\/schueleraustausch\/infos\/partnerschulen\/argentinien\/\" \/>\n<meta property=\"og:locale\" content=\"de_DE\" \/>\n<meta property=\"og:type\" content=\"article\" \/>\n<meta property=\"og:title\" content=\"Partnerorganisation in Argentinien - Sch\u00fcleraustausch Schwaben International e.V.\" \/>\n<meta property=\"og:description\" content=\"Schwaben International organisiert den Sch\u00fcleraustausch mit der Schule Eduardo L. Holmberg\u2013Schule. J\u00e4hrlich kommen Sch\u00fcler zum Austausch nach Deutschland.\" \/>\n<meta property=\"og:url\" content=\"https:\/\/www.schwaben-international.de\/schueleraustausch\/infos\/partnerschulen\/argentinien\/\" \/>\n<meta property=\"og:site_name\" content=\"Sch\u00fcleraustausch\" \/>\n<meta property=\"article:modified_time\" content=\"2023-03-27T08:04:25+00:00\" \/>\n<meta property=\"og:image\" content=\"https:\/\/www.schwaben-international.de\/schueleraustausch\/wp-content\/uploads\/sites\/2\/2016\/08\/allg-info-01.jpg\" \/>\n\t<meta property=\"og:image:width\" content=\"1200\" \/>\n\t<meta property=\"og:image:height\" content=\"300\" \/>\n\t<meta property=\"og:image:type\" content=\"image\/jpeg\" \/>\n<meta name=\"twitter:card\" content=\"summary_large_image\" \/>\n<meta name=\"twitter:label1\" content=\"Gesch\u00e4tzte Lesezeit\" \/>\n\t<meta name=\"twitter:data1\" content=\"2\u00a0Minuten\" \/>\n<script type=\"application\/ld+json\" class=\"yoast-schema-graph\">{\"@context\":\"https:\/\/schema.org\",\"@graph\":[{\"@type\":\"WebPage\",\"@id\":\"https:\/\/www.schwaben-international.de\/schueleraustausch\/infos\/partnerschulen\/argentinien\/\",\"url\":\"https:\/\/www.schwaben-international.de\/schueleraustausch\/infos\/partnerschulen\/argentinien\/\",\"name\":\"Partnerorganisation in Argentinien - Sch\u00fcleraustausch Schwaben International e.V.\",\"isPartOf\":{\"@id\":\"https:\/\/www.schwaben-international.de\/schueleraustausch\/#website\"},\"datePublished\":\"2016-08-21T18:18:18+00:00\",\"dateModified\":\"2023-03-27T08:04:25+00:00\",\"description\":\"Schwaben International organisiert den Sch\u00fcleraustausch mit der Schule Eduardo L. Holmberg\u2013Schule. J\u00e4hrlich kommen Sch\u00fcler zum Austausch nach Deutschland.\",\"breadcrumb\":{\"@id\":\"https:\/\/www.schwaben-international.de\/schueleraustausch\/infos\/partnerschulen\/argentinien\/#breadcrumb\"},\"inLanguage\":\"de\",\"potentialAction\":[{\"@type\":\"ReadAction\",\"target\":[\"https:\/\/www.schwaben-international.de\/schueleraustausch\/infos\/partnerschulen\/argentinien\/\"]}]},{\"@type\":\"BreadcrumbList\",\"@id\":\"https:\/\/www.schwaben-international.de\/schueleraustausch\/infos\/partnerschulen\/argentinien\/#breadcrumb\",\"itemListElement\":[{\"@type\":\"ListItem\",\"position\":1,\"name\":\"Startseite\",\"item\":\"https:\/\/www.schwaben-international.de\/schueleraustausch\/\"},{\"@type\":\"ListItem\",\"position\":2,\"name\":\"Allgemeine Infos\",\"item\":\"https:\/\/www.schwaben-international.de\/schueleraustausch\/infos\/\"},{\"@type\":\"ListItem\",\"position\":3,\"name\":\"Partnerschulen und Partnerorganisationen\",\"item\":\"https:\/\/www.schwaben-international.de\/schueleraustausch\/infos\/partnerschulen\/\"},{\"@type\":\"ListItem\",\"position\":4,\"name\":\"Partnerorganisation in Argentinien\"}]},{\"@type\":\"WebSite\",\"@id\":\"https:\/\/www.schwaben-international.de\/schueleraustausch\/#website\",\"url\":\"https:\/\/www.schwaben-international.de\/schueleraustausch\/\",\"name\":\"Sch\u00fcleraustausch\",\"description\":\"Schwaben International e.V.\",\"publisher\":{\"@id\":\"https:\/\/www.schwaben-international.de\/schueleraustausch\/#organization\"},\"potentialAction\":[{\"@type\":\"SearchAction\",\"target\":{\"@type\":\"EntryPoint\",\"urlTemplate\":\"https:\/\/www.schwaben-international.de\/schueleraustausch\/?s={search_term_string}\"},\"query-input\":{\"@type\":\"PropertyValueSpecification\",\"valueRequired\":true,\"valueName\":\"search_term_string\"}}],\"inLanguage\":\"de\"},{\"@type\":\"Organization\",\"@id\":\"https:\/\/www.schwaben-international.de\/schueleraustausch\/#organization\",\"name\":\"Schwaben International e.V.\",\"url\":\"https:\/\/www.schwaben-international.de\/schueleraustausch\/\",\"logo\":{\"@type\":\"ImageObject\",\"inLanguage\":\"de\",\"@id\":\"https:\/\/www.schwaben-international.de\/schueleraustausch\/#\/schema\/logo\/image\/\",\"url\":\"https:\/\/www.schwaben-international.de\/schueleraustausch\/wp-content\/uploads\/sites\/2\/2016\/08\/logo-1.png\",\"contentUrl\":\"https:\/\/www.schwaben-international.de\/schueleraustausch\/wp-content\/uploads\/sites\/2\/2016\/08\/logo-1.png\",\"width\":300,\"height\":90,\"caption\":\"Schwaben International e.V.\"},\"image\":{\"@id\":\"https:\/\/www.schwaben-international.de\/schueleraustausch\/#\/schema\/logo\/image\/\"}}]}<\/script>\n<!-- \/ Yoast SEO plugin. -->","yoast_head_json":{"title":"Partnerorganisation in Argentinien - Sch\u00fcleraustausch Schwaben International e.V.","description":"Schwaben International organisiert den Sch\u00fcleraustausch mit der Schule Eduardo L. Holmberg\u2013Schule. J\u00e4hrlich kommen Sch\u00fcler zum Austausch nach Deutschland.","robots":{"index":"index","follow":"follow","max-snippet":"max-snippet:-1","max-image-preview":"max-image-preview:large","max-video-preview":"max-video-preview:-1"},"canonical":"https:\/\/www.schwaben-international.de\/schueleraustausch\/infos\/partnerschulen\/argentinien\/","og_locale":"de_DE","og_type":"article","og_title":"Partnerorganisation in Argentinien - Sch\u00fcleraustausch Schwaben International e.V.","og_description":"Schwaben International organisiert den Sch\u00fcleraustausch mit der Schule Eduardo L. Holmberg\u2013Schule. J\u00e4hrlich kommen Sch\u00fcler zum Austausch nach Deutschland.","og_url":"https:\/\/www.schwaben-international.de\/schueleraustausch\/infos\/partnerschulen\/argentinien\/","og_site_name":"Sch\u00fcleraustausch","article_modified_time":"2023-03-27T08:04:25+00:00","og_image":[{"width":1200,"height":300,"url":"https:\/\/www.schwaben-international.de\/schueleraustausch\/wp-content\/uploads\/sites\/2\/2016\/08\/allg-info-01.jpg","type":"image\/jpeg"}],"twitter_card":"summary_large_image","twitter_misc":{"Gesch\u00e4tzte Lesezeit":"2\u00a0Minuten"},"schema":{"@context":"https:\/\/schema.org","@graph":[{"@type":"WebPage","@id":"https:\/\/www.schwaben-international.de\/schueleraustausch\/infos\/partnerschulen\/argentinien\/","url":"https:\/\/www.schwaben-international.de\/schueleraustausch\/infos\/partnerschulen\/argentinien\/","name":"Partnerorganisation in Argentinien - Sch\u00fcleraustausch Schwaben International e.V.","isPartOf":{"@id":"https:\/\/www.schwaben-international.de\/schueleraustausch\/#website"},"datePublished":"2016-08-21T18:18:18+00:00","dateModified":"2023-03-27T08:04:25+00:00","description":"Schwaben International organisiert den Sch\u00fcleraustausch mit der Schule Eduardo L. Holmberg\u2013Schule. J\u00e4hrlich kommen Sch\u00fcler zum Austausch nach Deutschland.","breadcrumb":{"@id":"https:\/\/www.schwaben-international.de\/schueleraustausch\/infos\/partnerschulen\/argentinien\/#breadcrumb"},"inLanguage":"de","potentialAction":[{"@type":"ReadAction","target":["https:\/\/www.schwaben-international.de\/schueleraustausch\/infos\/partnerschulen\/argentinien\/"]}]},{"@type":"BreadcrumbList","@id":"https:\/\/www.schwaben-international.de\/schueleraustausch\/infos\/partnerschulen\/argentinien\/#breadcrumb","itemListElement":[{"@type":"ListItem","position":1,"name":"Startseite","item":"https:\/\/www.schwaben-international.de\/schueleraustausch\/"},{"@type":"ListItem","position":2,"name":"Allgemeine Infos","item":"https:\/\/www.schwaben-international.de\/schueleraustausch\/infos\/"},{"@type":"ListItem","position":3,"name":"Partnerschulen und Partnerorganisationen","item":"https:\/\/www.schwaben-international.de\/schueleraustausch\/infos\/partnerschulen\/"},{"@type":"ListItem","position":4,"name":"Partnerorganisation in Argentinien"}]},{"@type":"WebSite","@id":"https:\/\/www.schwaben-international.de\/schueleraustausch\/#website","url":"https:\/\/www.schwaben-international.de\/schueleraustausch\/","name":"Sch\u00fcleraustausch","description":"Schwaben International e.V.","publisher":{"@id":"https:\/\/www.schwaben-international.de\/schueleraustausch\/#organization"},"potentialAction":[{"@type":"SearchAction","target":{"@type":"EntryPoint","urlTemplate":"https:\/\/www.schwaben-international.de\/schueleraustausch\/?s={search_term_string}"},"query-input":{"@type":"PropertyValueSpecification","valueRequired":true,"valueName":"search_term_string"}}],"inLanguage":"de"},{"@type":"Organization","@id":"https:\/\/www.schwaben-international.de\/schueleraustausch\/#organization","name":"Schwaben International e.V.","url":"https:\/\/www.schwaben-international.de\/schueleraustausch\/","logo":{"@type":"ImageObject","inLanguage":"de","@id":"https:\/\/www.schwaben-international.de\/schueleraustausch\/#\/schema\/logo\/image\/","url":"https:\/\/www.schwaben-international.de\/schueleraustausch\/wp-content\/uploads\/sites\/2\/2016\/08\/logo-1.png","contentUrl":"https:\/\/www.schwaben-international.de\/schueleraustausch\/wp-content\/uploads\/sites\/2\/2016\/08\/logo-1.png","width":300,"height":90,"caption":"Schwaben International e.V."},"image":{"@id":"https:\/\/www.schwaben-international.de\/schueleraustausch\/#\/schema\/logo\/image\/"}}]}},"_links":{"self":[{"href":"https:\/\/www.schwaben-international.de\/schueleraustausch\/wp-json\/wp\/v2\/pages\/355","targetHints":{"allow":["GET"]}}],"collection":[{"href":"https:\/\/www.schwaben-international.de\/schueleraustausch\/wp-json\/wp\/v2\/pages"}],"about":[{"href":"https:\/\/www.schwaben-international.de\/schueleraustausch\/wp-json\/wp\/v2\/types\/page"}],"author":[{"embeddable":true,"href":"https:\/\/www.schwaben-international.de\/schueleraustausch\/wp-json\/wp\/v2\/users\/2"}],"replies":[{"embeddable":true,"href":"https:\/\/www.schwaben-international.de\/schueleraustausch\/wp-json\/wp\/v2\/comments?post=355"}],"version-history":[{"count":2,"href":"https:\/\/www.schwaben-international.de\/schueleraustausch\/wp-json\/wp\/v2\/pages\/355\/revisions"}],"predecessor-version":[{"id":3304,"href":"https:\/\/www.schwaben-international.de\/schueleraustausch\/wp-json\/wp\/v2\/pages\/355\/revisions\/3304"}],"up":[{"embeddable":true,"href":"https:\/\/www.schwaben-international.de\/schueleraustausch\/wp-json\/wp\/v2\/pages\/52"}],"wp:attachment":[{"href":"https:\/\/www.schwaben-international.de\/schueleraustausch\/wp-json\/wp\/v2\/media?parent=355"}],"curies":[{"name":"wp","href":"https:\/\/api.w.org\/{rel}","templated":true}]}}