{"id":13,"date":"2016-02-06T18:22:28","date_gmt":"2016-02-06T17:22:28","guid":{"rendered":"http:\/\/www.schwaben-international.de\/schueleraustausch\/?page_id=13"},"modified":"2023-03-23T16:01:41","modified_gmt":"2023-03-23T15:01:41","slug":"haeufig-gestellte-fragen","status":"publish","type":"page","link":"https:\/\/www.schwaben-international.de\/schueleraustausch\/haeufig-gestellte-fragen\/","title":{"rendered":"FAQ"},"content":{"rendered":"<ul class=\"accordion\" data-accordion=\"\">\n<li data-accordion-item=\"\">\n<h1 class=\"entry-title-post\"><a href=\"https:\/\/www.schwaben-international.de\/schueleraustausch\/2023\/03\/wir-sagen-auf-wiedersehen-nach-33-jahren-geht-eine-aera-zu-ende\/\" rel=\"bookmark\"><span style=\"color: #ff0000\">Wir sagen auf Wiedersehen! \u2013 Nach 33 Jahren geht eine \u00c4ra zu Ende<\/span><\/a><\/h1>\n<h6><\/h6>\n<h1 class=\"entry-title-post\"><span style=\"color: #ff6600\"><a style=\"color: #ff6600\" href=\"https:\/\/www.schwaben-international.de\/schueleraustausch\/2023\/03\/neuer-kooperationspartner-djo-deutschen-jugend-in-europa-landesverband-baden-wuerttemberg\/\" rel=\"bookmark\">Neuer Kooperationspartner djo \u2013 Deutschen Jugend in Europa Landesverband Baden-W\u00fcrttemberg<\/a><\/span><\/h1>\n<\/li>\n<\/ul>\n<p>&nbsp;<\/p>\n<ul class=\"accordion\" data-accordion=\"\">\n<li class=\"accordion-item is-active\" data-accordion-item=\"\"><a id=\"panel1d-label\" class=\"accordion-title\" href=\"#panel1d\">Wie verl\u00e4uft das Auswahlverfahren?<\/a>\n<div id=\"panel1d\" class=\"accordion-content\" data-tab-content=\"\">Anhand Ihrer Angaben zu Hobbys und Aktivit\u00e4ten der Familie, sowie mit Hilfe der Familienbilder suchen wir ein passendes Gastkind f\u00fcr Sie aus und schicken Ihnen die pers\u00f6nlichen Unterlagen sowie alle weiteren Informationen zum Aufenthalt zu, so dass sie schon einige Zeit vor der Ankunft des jugendlichen Gastes Kontakt aufnehmen und sich ein wenig kennenlernen k\u00f6nnen.<\/div>\n<\/li>\n<li class=\"accordion-item\" data-accordion-item=\"\"><a id=\"panel1d-label\" class=\"accordion-title\" href=\"#panel1d\">Wer meldet den Austauschsch\u00fcler in der Schule an?<\/a>\n<div id=\"panel1d\" class=\"accordion-content\" data-tab-content=\"\">Sie als Gastfamilie wissen, welche Schule sich in Ihrer Wohnortn\u00e4he befindet, oder welche Schule von Ihren Kindern besucht wird. Deswegen nehmen Sie bitte die Anmeldung vor. Von uns erhalten Sie ein Schreiben an die Schulleitung, dass Sie vorlegen k\u00f6nnen. Sollte es wider Erwarten zu Problemen kommen, wenden Sie sich bitte an uns. Die zu besuchende Klasse sollte dem Alter entsprechen.<\/div>\n<\/li>\n<li class=\"accordion-item\" data-accordion-item=\"\"><a id=\"panel1d-label\" class=\"accordion-title\" href=\"#panel1d\">Wir wohnen auf dem Land, sind wir als Gastfamilie geeignet?<\/a>\n<div id=\"panel1d\" class=\"accordion-content\" data-tab-content=\"\">Viele unserer Gastfamilien kommen aus l\u00e4ndlichen Regionen. In St\u00e4dten haben Familien oft nicht ausreichend Platz, um ein weiteres Kind bei sich aufzunehmen. Sie k\u00f6nnen sich also ohne Bedenken anmelden.<\/div>\n<\/li>\n<li class=\"accordion-item\" data-accordion-item=\"\"><a id=\"panel1d-label\" class=\"accordion-title\" href=\"#panel1d\">Wir kommen nicht aus dem Schwabenland, k\u00f6nnen wir trotzdem jemand aufnehmen?<\/a>\n<div id=\"panel1d\" class=\"accordion-content\" data-tab-content=\"\">Wir haben unsere B\u00fcror\u00e4ume in Stuttgart, suchen die Gastfamilien aber im ganzen Bundesgebiet. Allerdings m\u00fcssen Sie die Sommerferientermine beachten. In vielen Bundesl\u00e4ndern sind im Juli bereits Ferien und ein wichtiger Bestandteil des Austausches ist der Schulbesuch.<\/div>\n<\/li>\n<li class=\"accordion-item\" data-accordion-item=\"\"><a id=\"panel1d-label\" class=\"accordion-title\" href=\"#panel1d\">Wie kommt das Gastkind zu unserem Wohnort?<\/a>\n<div id=\"panel1d\" class=\"accordion-content\" data-tab-content=\"\">Sie haben die M\u00f6glichkeit, Ihr Gastkind in der Jugendherberge abzuholen oder an einem Bahnhof in Wohnortn\u00e4he. Wir suchen eine geeignete Zugverbindung heraus. Wir kaufen die Fahrkarte und teilen Ihnen rechtzeitig die Ankunft ihres jugendlichen Gastes mit.<\/div>\n<\/li>\n<li class=\"accordion-item\" data-accordion-item=\"\"><a id=\"panel1d-label\" class=\"accordion-title\" href=\"#panel1d\">Welche Kosten kommen auf uns zu?<\/a>\n<div id=\"panel1d\" class=\"accordion-content\" data-tab-content=\"\">Sie kommen f\u00fcr Unterkunft und Verpflegung auf. Was Sie dar\u00fcber hinaus bezahlen, ist Ihre Entscheidung. Die Jugendlichen haben gen\u00fcgend Taschengeld bei sich.<\/div>\n<\/li>\n<li class=\"accordion-item\" data-accordion-item=\"\"><a id=\"panel1d-label\" class=\"accordion-title\" href=\"#panel1d\">Wir sprechen keine Fremdsprache, ist das ein Problem?<\/a>\n<div id=\"panel1d\" class=\"accordion-content\" data-tab-content=\"\">Nein. Die Austauschsch\u00fcler lernen Deutsch als Fremdsprache. Neben den kulturellen Zielen ist auch die sprachliche Verbesserung ein Ziel des Sch\u00fcleraustausches.<\/div>\n<\/li>\n<li class=\"accordion-item\" data-accordion-item=\"\"><a id=\"panel1d-label\" class=\"accordion-title\" href=\"#panel1d\">Ist der Gegenbesuch Pflicht?<\/a>\n<div id=\"panel1d\" class=\"accordion-content\" data-tab-content=\"\">Nein. Es ist eine Option f\u00fcr die eigenen Kinder, den organisierten Gegenbesuch nach Argentinien, Chile und Peru anzutreten.<\/div>\n<\/li>\n<li class=\"accordion-item\" data-accordion-item=\"\"><a id=\"panel1d-label\" class=\"accordion-title\" href=\"#panel1d\">Wer ist unser Ansprechpartner bei Problemen?<\/a>\n<div id=\"panel1d\" class=\"accordion-content\" data-tab-content=\"\">Wir von Schwaben International betreuen Sie w\u00e4hrend des Gastsch\u00fcleraufenthaltes. Sollten Probleme auftreten, kontaktieren Sie uns bitte sofort. Gemeinsam versuchen wir dann eine L\u00f6sung zu finden. Sollte es zu gravierenden Problemen kommen, ist auch ein Gastfamilienwechsel m\u00f6glich.Wenn Sie weitere Fragen haben, stehen wir Ihnen gerne zur Verf\u00fcgung. Rufen Sie uns an unter 0711 \u2013 237 29 13 oder schicken Sie uns eine Email:<br \/>\n<a href=\"&#109;ailt&#111;:&#115;ch&#117;&#101;&#108;e&#114;&#64;&#115;&#99;&#104;wa&#98;e&#110;&#45;int&#101;r&#110;tio&#110;&#97;&#108;&#46;de\">&#115;&#99;h&#117;&#101;ler&#64;&#115;c&#104;w&#97;b&#101;n-&#105;&#110;t&#101;rn&#116;&#105;&#111;&#110;a&#108;&#46;&#100;&#101;<\/a><\/div>\n<\/li>\n<\/ul>\n","protected":false},"excerpt":{"rendered":"<p>Wir sagen auf Wiedersehen! \u2013 Nach 33 Jahren geht eine \u00c4ra zu Ende Neuer Kooperationspartner djo \u2013 Deutschen Jugend in Europa Landesverband Baden-W\u00fcrttemberg &nbsp; Wie verl\u00e4uft das Auswahlverfahren? Anhand Ihrer Angaben zu Hobbys und Aktivit\u00e4ten der Familie, sowie mit Hilfe der Familienbilder suchen wir ein passendes Gastkind f\u00fcr Sie aus und schicken Ihnen die pers\u00f6nlichen Unterlagen sowie alle weiteren Informationen zum Aufenthalt zu, so dass &hellip; <a href=\"https:\/\/www.schwaben-international.de\/schueleraustausch\/haeufig-gestellte-fragen\/\" class=\"more-link\">weiterlesen <span class=\"screen-reader-text\">FAQ<\/span> <span class=\u201emeta-nav\u201c>&raquo;<\/span><\/a><\/p>\n","protected":false},"author":2,"featured_media":0,"parent":0,"menu_order":30,"comment_status":"closed","ping_status":"closed","template":"","meta":{"footnotes":""},"class_list":["post-13","page","type-page","status-publish","hentry"],"yoast_head":"<!-- This site is optimized with the Yoast SEO plugin v25.6 - https:\/\/yoast.com\/wordpress\/plugins\/seo\/ -->\n<title>FAQ - Sch\u00fcleraustausch Schwaben International e.V.<\/title>\n<meta name=\"description\" content=\"Fragen und Antworten zum Thema Sch\u00fcleraustausch, Gegenaustausch und Familienaufenthalte bei Schwaben International e.V.\" \/>\n<meta name=\"robots\" content=\"index, follow, max-snippet:-1, max-image-preview:large, max-video-preview:-1\" \/>\n<link rel=\"canonical\" href=\"https:\/\/www.schwaben-international.de\/schueleraustausch\/haeufig-gestellte-fragen\/\" \/>\n<meta property=\"og:locale\" content=\"de_DE\" \/>\n<meta property=\"og:type\" content=\"article\" \/>\n<meta property=\"og:title\" content=\"FAQ - Sch\u00fcleraustausch Schwaben International e.V.\" \/>\n<meta property=\"og:description\" content=\"Fragen und Antworten zum Thema Sch\u00fcleraustausch, Gegenaustausch und Familienaufenthalte bei Schwaben International e.V.\" \/>\n<meta property=\"og:url\" content=\"https:\/\/www.schwaben-international.de\/schueleraustausch\/haeufig-gestellte-fragen\/\" \/>\n<meta property=\"og:site_name\" content=\"Sch\u00fcleraustausch\" \/>\n<meta property=\"article:modified_time\" content=\"2023-03-23T15:01:41+00:00\" \/>\n<meta property=\"og:image\" content=\"https:\/\/www.schwaben-international.de\/schueleraustausch\/wp-content\/uploads\/sites\/2\/2016\/08\/allg-info-01.jpg\" \/>\n\t<meta property=\"og:image:width\" content=\"1200\" \/>\n\t<meta property=\"og:image:height\" content=\"300\" \/>\n\t<meta property=\"og:image:type\" content=\"image\/jpeg\" \/>\n<meta name=\"twitter:card\" content=\"summary_large_image\" \/>\n<meta name=\"twitter:label1\" content=\"Gesch\u00e4tzte Lesezeit\" \/>\n\t<meta name=\"twitter:data1\" content=\"3\u00a0Minuten\" \/>\n<script type=\"application\/ld+json\" class=\"yoast-schema-graph\">{\"@context\":\"https:\/\/schema.org\",\"@graph\":[{\"@type\":\"WebPage\",\"@id\":\"https:\/\/www.schwaben-international.de\/schueleraustausch\/haeufig-gestellte-fragen\/\",\"url\":\"https:\/\/www.schwaben-international.de\/schueleraustausch\/haeufig-gestellte-fragen\/\",\"name\":\"FAQ - Sch\u00fcleraustausch Schwaben International e.V.\",\"isPartOf\":{\"@id\":\"https:\/\/www.schwaben-international.de\/schueleraustausch\/#website\"},\"datePublished\":\"2016-02-06T17:22:28+00:00\",\"dateModified\":\"2023-03-23T15:01:41+00:00\",\"description\":\"Fragen und Antworten zum Thema Sch\u00fcleraustausch, Gegenaustausch und Familienaufenthalte bei Schwaben International e.V.\",\"breadcrumb\":{\"@id\":\"https:\/\/www.schwaben-international.de\/schueleraustausch\/haeufig-gestellte-fragen\/#breadcrumb\"},\"inLanguage\":\"de\",\"potentialAction\":[{\"@type\":\"ReadAction\",\"target\":[\"https:\/\/www.schwaben-international.de\/schueleraustausch\/haeufig-gestellte-fragen\/\"]}]},{\"@type\":\"BreadcrumbList\",\"@id\":\"https:\/\/www.schwaben-international.de\/schueleraustausch\/haeufig-gestellte-fragen\/#breadcrumb\",\"itemListElement\":[{\"@type\":\"ListItem\",\"position\":1,\"name\":\"Startseite\",\"item\":\"https:\/\/www.schwaben-international.de\/schueleraustausch\/\"},{\"@type\":\"ListItem\",\"position\":2,\"name\":\"FAQ\"}]},{\"@type\":\"WebSite\",\"@id\":\"https:\/\/www.schwaben-international.de\/schueleraustausch\/#website\",\"url\":\"https:\/\/www.schwaben-international.de\/schueleraustausch\/\",\"name\":\"Sch\u00fcleraustausch\",\"description\":\"Schwaben International e.V.\",\"publisher\":{\"@id\":\"https:\/\/www.schwaben-international.de\/schueleraustausch\/#organization\"},\"potentialAction\":[{\"@type\":\"SearchAction\",\"target\":{\"@type\":\"EntryPoint\",\"urlTemplate\":\"https:\/\/www.schwaben-international.de\/schueleraustausch\/?s={search_term_string}\"},\"query-input\":{\"@type\":\"PropertyValueSpecification\",\"valueRequired\":true,\"valueName\":\"search_term_string\"}}],\"inLanguage\":\"de\"},{\"@type\":\"Organization\",\"@id\":\"https:\/\/www.schwaben-international.de\/schueleraustausch\/#organization\",\"name\":\"Schwaben International e.V.\",\"url\":\"https:\/\/www.schwaben-international.de\/schueleraustausch\/\",\"logo\":{\"@type\":\"ImageObject\",\"inLanguage\":\"de\",\"@id\":\"https:\/\/www.schwaben-international.de\/schueleraustausch\/#\/schema\/logo\/image\/\",\"url\":\"https:\/\/www.schwaben-international.de\/schueleraustausch\/wp-content\/uploads\/sites\/2\/2016\/08\/logo-1.png\",\"contentUrl\":\"https:\/\/www.schwaben-international.de\/schueleraustausch\/wp-content\/uploads\/sites\/2\/2016\/08\/logo-1.png\",\"width\":300,\"height\":90,\"caption\":\"Schwaben International e.V.\"},\"image\":{\"@id\":\"https:\/\/www.schwaben-international.de\/schueleraustausch\/#\/schema\/logo\/image\/\"}}]}<\/script>\n<!-- \/ Yoast SEO plugin. -->","yoast_head_json":{"title":"FAQ - Sch\u00fcleraustausch Schwaben International e.V.","description":"Fragen und Antworten zum Thema Sch\u00fcleraustausch, Gegenaustausch und Familienaufenthalte bei Schwaben International e.V.","robots":{"index":"index","follow":"follow","max-snippet":"max-snippet:-1","max-image-preview":"max-image-preview:large","max-video-preview":"max-video-preview:-1"},"canonical":"https:\/\/www.schwaben-international.de\/schueleraustausch\/haeufig-gestellte-fragen\/","og_locale":"de_DE","og_type":"article","og_title":"FAQ - Sch\u00fcleraustausch Schwaben International e.V.","og_description":"Fragen und Antworten zum Thema Sch\u00fcleraustausch, Gegenaustausch und Familienaufenthalte bei Schwaben International e.V.","og_url":"https:\/\/www.schwaben-international.de\/schueleraustausch\/haeufig-gestellte-fragen\/","og_site_name":"Sch\u00fcleraustausch","article_modified_time":"2023-03-23T15:01:41+00:00","og_image":[{"width":1200,"height":300,"url":"https:\/\/www.schwaben-international.de\/schueleraustausch\/wp-content\/uploads\/sites\/2\/2016\/08\/allg-info-01.jpg","type":"image\/jpeg"}],"twitter_card":"summary_large_image","twitter_misc":{"Gesch\u00e4tzte Lesezeit":"3\u00a0Minuten"},"schema":{"@context":"https:\/\/schema.org","@graph":[{"@type":"WebPage","@id":"https:\/\/www.schwaben-international.de\/schueleraustausch\/haeufig-gestellte-fragen\/","url":"https:\/\/www.schwaben-international.de\/schueleraustausch\/haeufig-gestellte-fragen\/","name":"FAQ - Sch\u00fcleraustausch Schwaben International e.V.","isPartOf":{"@id":"https:\/\/www.schwaben-international.de\/schueleraustausch\/#website"},"datePublished":"2016-02-06T17:22:28+00:00","dateModified":"2023-03-23T15:01:41+00:00","description":"Fragen und Antworten zum Thema Sch\u00fcleraustausch, Gegenaustausch und Familienaufenthalte bei Schwaben International e.V.","breadcrumb":{"@id":"https:\/\/www.schwaben-international.de\/schueleraustausch\/haeufig-gestellte-fragen\/#breadcrumb"},"inLanguage":"de","potentialAction":[{"@type":"ReadAction","target":["https:\/\/www.schwaben-international.de\/schueleraustausch\/haeufig-gestellte-fragen\/"]}]},{"@type":"BreadcrumbList","@id":"https:\/\/www.schwaben-international.de\/schueleraustausch\/haeufig-gestellte-fragen\/#breadcrumb","itemListElement":[{"@type":"ListItem","position":1,"name":"Startseite","item":"https:\/\/www.schwaben-international.de\/schueleraustausch\/"},{"@type":"ListItem","position":2,"name":"FAQ"}]},{"@type":"WebSite","@id":"https:\/\/www.schwaben-international.de\/schueleraustausch\/#website","url":"https:\/\/www.schwaben-international.de\/schueleraustausch\/","name":"Sch\u00fcleraustausch","description":"Schwaben International e.V.","publisher":{"@id":"https:\/\/www.schwaben-international.de\/schueleraustausch\/#organization"},"potentialAction":[{"@type":"SearchAction","target":{"@type":"EntryPoint","urlTemplate":"https:\/\/www.schwaben-international.de\/schueleraustausch\/?s={search_term_string}"},"query-input":{"@type":"PropertyValueSpecification","valueRequired":true,"valueName":"search_term_string"}}],"inLanguage":"de"},{"@type":"Organization","@id":"https:\/\/www.schwaben-international.de\/schueleraustausch\/#organization","name":"Schwaben International e.V.","url":"https:\/\/www.schwaben-international.de\/schueleraustausch\/","logo":{"@type":"ImageObject","inLanguage":"de","@id":"https:\/\/www.schwaben-international.de\/schueleraustausch\/#\/schema\/logo\/image\/","url":"https:\/\/www.schwaben-international.de\/schueleraustausch\/wp-content\/uploads\/sites\/2\/2016\/08\/logo-1.png","contentUrl":"https:\/\/www.schwaben-international.de\/schueleraustausch\/wp-content\/uploads\/sites\/2\/2016\/08\/logo-1.png","width":300,"height":90,"caption":"Schwaben International e.V."},"image":{"@id":"https:\/\/www.schwaben-international.de\/schueleraustausch\/#\/schema\/logo\/image\/"}}]}},"_links":{"self":[{"href":"https:\/\/www.schwaben-international.de\/schueleraustausch\/wp-json\/wp\/v2\/pages\/13","targetHints":{"allow":["GET"]}}],"collection":[{"href":"https:\/\/www.schwaben-international.de\/schueleraustausch\/wp-json\/wp\/v2\/pages"}],"about":[{"href":"https:\/\/www.schwaben-international.de\/schueleraustausch\/wp-json\/wp\/v2\/types\/page"}],"author":[{"embeddable":true,"href":"https:\/\/www.schwaben-international.de\/schueleraustausch\/wp-json\/wp\/v2\/users\/2"}],"replies":[{"embeddable":true,"href":"https:\/\/www.schwaben-international.de\/schueleraustausch\/wp-json\/wp\/v2\/comments?post=13"}],"version-history":[{"count":1,"href":"https:\/\/www.schwaben-international.de\/schueleraustausch\/wp-json\/wp\/v2\/pages\/13\/revisions"}],"predecessor-version":[{"id":3302,"href":"https:\/\/www.schwaben-international.de\/schueleraustausch\/wp-json\/wp\/v2\/pages\/13\/revisions\/3302"}],"wp:attachment":[{"href":"https:\/\/www.schwaben-international.de\/schueleraustausch\/wp-json\/wp\/v2\/media?parent=13"}],"curies":[{"name":"wp","href":"https:\/\/api.w.org\/{rel}","templated":true}]}}