{"id":11,"date":"2016-02-06T18:21:47","date_gmt":"2016-02-06T17:21:47","guid":{"rendered":"http:\/\/www.schwaben-international.de\/schueleraustausch\/?page_id=11"},"modified":"2023-03-23T15:58:20","modified_gmt":"2023-03-23T14:58:20","slug":"gastfamilie-werden","status":"publish","type":"page","link":"https:\/\/www.schwaben-international.de\/schueleraustausch\/gastfamilie-werden\/","title":{"rendered":"Gastfamilie werden"},"content":{"rendered":"<h1 class=\"entry-title-post\"><a href=\"https:\/\/www.schwaben-international.de\/schueleraustausch\/2023\/03\/wir-sagen-auf-wiedersehen-nach-33-jahren-geht-eine-aera-zu-ende\/\" rel=\"bookmark\"><span style=\"color: #ff0000\">Wir sagen auf Wiedersehen! \u2013 Nach 33 Jahren geht eine \u00c4ra zu Ende<\/span><\/a><\/h1>\n<h6><\/h6>\n<h1 class=\"entry-title-post\"><a href=\"https:\/\/www.schwaben-international.de\/schueleraustausch\/2023\/03\/neuer-kooperationspartner-djo-deutschen-jugend-in-europa-landesverband-baden-wuerttemberg\/\" rel=\"bookmark\"><span style=\"color: #ff6600\">Neuer Kooperationspartner djo \u2013 Deutschen Jugend in Europa Landesverband Baden-W\u00fcrttemberg<\/span><\/a><\/h1>\n<p>&nbsp;<\/p>\n<p>&nbsp;<\/p>\n<p>Sie w\u00fcnschen sich ein Gastkind aus einem anderen Kulturkreis? Dann melden Sie Ihr Interesse gerne jetzt schon an. Zusammen mit unseren Partnerschulen und Partnerorganisationen werden wir zeitnah, abh\u00e4ngig von dem dann aktuellen Stand der Pandemie ein Konzept entwickeln das die Aufnahme eines jungen Gastes m\u00f6glich macht.<\/p>\n<hr \/>\n<p>\u201eDer Alltag wurde lebendiger. Die Austauschsch\u00fclerin war sehr aufgeschlossen und<br \/>\nan vielem interessiert und wir sa\u00dfen viele Abende beisammen und erz\u00e4hlten \u00fcber ihr und unser Leben.\u201c<\/p>\n<p>schrieb uns eine Gastmutter \u00fcber das Zusammenleben mit einer peruanischen Sch\u00fclerin.<\/p>\n<h2>Warum Gastfamilie werden?<\/h2>\n<p>Als Gastfamilie erm\u00f6glichen Sie einem jungen Menschen Einblicke in den Familien- und Schulalltag in Deutschland. Im Zusammenleben treffen Sie fast zwangsl\u00e4ufig auf Unterschiede zwischen Ihren Lebensgewohnheiten und denen Ihres Gastes. Gemeinsame Gespr\u00e4che f\u00f6rdern das gegenseitige Verst\u00e4ndnis und er\u00f6ffnen einen Zugang zum jeweilig anderen Kulturkreis. <a href=\"https:\/\/www.schwaben-international.de\/schueleraustausch\/gastfamilie-werden\/gastfamilie-warum\/\">weiterlesen<\/a><\/p>\n<h2>Wer kann Gastfamilie werden?<\/h2>\n<p>Grunds\u00e4tzlich k\u00f6nnen sich alle Erwachsenen als Gastfamilie bewerben, die ein aufrichtiges Interesse am internationalen Kulturaustausch haben. Paare, ob verheiratet oder unverheiratet, mit und ohne Kinder, und auch alleinerziehende M\u00fctter und V\u00e4ter. <a href=\"https:\/\/www.schwaben-international.de\/schueleraustausch\/gastfamilie-werden\/gastfamilie-wer\/\">weiterlesen<\/a><\/p>\n<h2>Wie k\u00f6nnen Sie Gastfamilie werden?<\/h2>\n<p>Wenn sich Ihre Familie f\u00fcr die Aufnahme eines Gastkindes entschieden hat, k\u00f6nnen Sie sich unter dem Men\u00fcpunkt Downloads den Vorstellungsbogen herunterladen und ausgef\u00fcllt mit ein oder auch zwei Bildern Ihrer Familie an uns senden. <a href=\"https:\/\/www.schwaben-international.de\/schueleraustausch\/gastfamilie-wie\/\">weiterlesen<\/a><\/p>\n<p>&nbsp;<\/p>\n","protected":false},"excerpt":{"rendered":"<p>Wir sagen auf Wiedersehen! \u2013 Nach 33 Jahren geht eine \u00c4ra zu Ende Neuer Kooperationspartner djo \u2013 Deutschen Jugend in Europa Landesverband Baden-W\u00fcrttemberg &nbsp; &nbsp; Sie w\u00fcnschen sich ein Gastkind aus einem anderen Kulturkreis? Dann melden Sie Ihr Interesse gerne jetzt schon an. Zusammen mit unseren Partnerschulen und Partnerorganisationen werden wir zeitnah, abh\u00e4ngig von dem dann aktuellen Stand der Pandemie ein Konzept entwickeln das die &hellip; <a href=\"https:\/\/www.schwaben-international.de\/schueleraustausch\/gastfamilie-werden\/\" class=\"more-link\">weiterlesen <span class=\"screen-reader-text\">Gastfamilie werden<\/span> <span class=\u201emeta-nav\u201c>&raquo;<\/span><\/a><\/p>\n","protected":false},"author":2,"featured_media":0,"parent":0,"menu_order":26,"comment_status":"closed","ping_status":"closed","template":"","meta":{"footnotes":""},"class_list":["post-11","page","type-page","status-publish","hentry"],"yoast_head":"<!-- This site is optimized with the Yoast SEO plugin v25.6 - https:\/\/yoast.com\/wordpress\/plugins\/seo\/ -->\n<title>Gastfamilie werden - Sch\u00fcleraustausch Schwaben International e.V.<\/title>\n<meta name=\"description\" content=\"Als Gastfamilie erm\u00f6glichen Sie einem jungen Menschen Einblicke in den Familien- und Schulalltag in Deutschland.\" \/>\n<meta name=\"robots\" content=\"index, follow, max-snippet:-1, max-image-preview:large, max-video-preview:-1\" \/>\n<link rel=\"canonical\" href=\"https:\/\/www.schwaben-international.de\/schueleraustausch\/gastfamilie-werden\/\" \/>\n<meta property=\"og:locale\" content=\"de_DE\" \/>\n<meta property=\"og:type\" content=\"article\" \/>\n<meta property=\"og:title\" content=\"Gastfamilie werden - Sch\u00fcleraustausch Schwaben International e.V.\" \/>\n<meta property=\"og:description\" content=\"Als Gastfamilie erm\u00f6glichen Sie einem jungen Menschen Einblicke in den Familien- und Schulalltag in Deutschland.\" \/>\n<meta property=\"og:url\" content=\"https:\/\/www.schwaben-international.de\/schueleraustausch\/gastfamilie-werden\/\" \/>\n<meta property=\"og:site_name\" content=\"Sch\u00fcleraustausch\" \/>\n<meta property=\"article:modified_time\" content=\"2023-03-23T14:58:20+00:00\" \/>\n<meta property=\"og:image\" content=\"https:\/\/www.schwaben-international.de\/schueleraustausch\/wp-content\/uploads\/sites\/2\/2016\/08\/allg-info-01.jpg\" \/>\n\t<meta property=\"og:image:width\" content=\"1200\" \/>\n\t<meta property=\"og:image:height\" content=\"300\" \/>\n\t<meta property=\"og:image:type\" content=\"image\/jpeg\" \/>\n<meta name=\"twitter:card\" content=\"summary_large_image\" \/>\n<meta name=\"twitter:label1\" content=\"Gesch\u00e4tzte Lesezeit\" \/>\n\t<meta name=\"twitter:data1\" content=\"2\u00a0Minuten\" \/>\n<script type=\"application\/ld+json\" class=\"yoast-schema-graph\">{\"@context\":\"https:\/\/schema.org\",\"@graph\":[{\"@type\":\"WebPage\",\"@id\":\"https:\/\/www.schwaben-international.de\/schueleraustausch\/gastfamilie-werden\/\",\"url\":\"https:\/\/www.schwaben-international.de\/schueleraustausch\/gastfamilie-werden\/\",\"name\":\"Gastfamilie werden - Sch\u00fcleraustausch Schwaben International e.V.\",\"isPartOf\":{\"@id\":\"https:\/\/www.schwaben-international.de\/schueleraustausch\/#website\"},\"datePublished\":\"2016-02-06T17:21:47+00:00\",\"dateModified\":\"2023-03-23T14:58:20+00:00\",\"description\":\"Als Gastfamilie erm\u00f6glichen Sie einem jungen Menschen Einblicke in den Familien- und Schulalltag in Deutschland.\",\"breadcrumb\":{\"@id\":\"https:\/\/www.schwaben-international.de\/schueleraustausch\/gastfamilie-werden\/#breadcrumb\"},\"inLanguage\":\"de\",\"potentialAction\":[{\"@type\":\"ReadAction\",\"target\":[\"https:\/\/www.schwaben-international.de\/schueleraustausch\/gastfamilie-werden\/\"]}]},{\"@type\":\"BreadcrumbList\",\"@id\":\"https:\/\/www.schwaben-international.de\/schueleraustausch\/gastfamilie-werden\/#breadcrumb\",\"itemListElement\":[{\"@type\":\"ListItem\",\"position\":1,\"name\":\"Startseite\",\"item\":\"https:\/\/www.schwaben-international.de\/schueleraustausch\/\"},{\"@type\":\"ListItem\",\"position\":2,\"name\":\"Gastfamilie werden\"}]},{\"@type\":\"WebSite\",\"@id\":\"https:\/\/www.schwaben-international.de\/schueleraustausch\/#website\",\"url\":\"https:\/\/www.schwaben-international.de\/schueleraustausch\/\",\"name\":\"Sch\u00fcleraustausch\",\"description\":\"Schwaben International e.V.\",\"publisher\":{\"@id\":\"https:\/\/www.schwaben-international.de\/schueleraustausch\/#organization\"},\"potentialAction\":[{\"@type\":\"SearchAction\",\"target\":{\"@type\":\"EntryPoint\",\"urlTemplate\":\"https:\/\/www.schwaben-international.de\/schueleraustausch\/?s={search_term_string}\"},\"query-input\":{\"@type\":\"PropertyValueSpecification\",\"valueRequired\":true,\"valueName\":\"search_term_string\"}}],\"inLanguage\":\"de\"},{\"@type\":\"Organization\",\"@id\":\"https:\/\/www.schwaben-international.de\/schueleraustausch\/#organization\",\"name\":\"Schwaben International e.V.\",\"url\":\"https:\/\/www.schwaben-international.de\/schueleraustausch\/\",\"logo\":{\"@type\":\"ImageObject\",\"inLanguage\":\"de\",\"@id\":\"https:\/\/www.schwaben-international.de\/schueleraustausch\/#\/schema\/logo\/image\/\",\"url\":\"https:\/\/www.schwaben-international.de\/schueleraustausch\/wp-content\/uploads\/sites\/2\/2016\/08\/logo-1.png\",\"contentUrl\":\"https:\/\/www.schwaben-international.de\/schueleraustausch\/wp-content\/uploads\/sites\/2\/2016\/08\/logo-1.png\",\"width\":300,\"height\":90,\"caption\":\"Schwaben International e.V.\"},\"image\":{\"@id\":\"https:\/\/www.schwaben-international.de\/schueleraustausch\/#\/schema\/logo\/image\/\"}}]}<\/script>\n<!-- \/ Yoast SEO plugin. -->","yoast_head_json":{"title":"Gastfamilie werden - Sch\u00fcleraustausch Schwaben International e.V.","description":"Als Gastfamilie erm\u00f6glichen Sie einem jungen Menschen Einblicke in den Familien- und Schulalltag in Deutschland.","robots":{"index":"index","follow":"follow","max-snippet":"max-snippet:-1","max-image-preview":"max-image-preview:large","max-video-preview":"max-video-preview:-1"},"canonical":"https:\/\/www.schwaben-international.de\/schueleraustausch\/gastfamilie-werden\/","og_locale":"de_DE","og_type":"article","og_title":"Gastfamilie werden - Sch\u00fcleraustausch Schwaben International e.V.","og_description":"Als Gastfamilie erm\u00f6glichen Sie einem jungen Menschen Einblicke in den Familien- und Schulalltag in Deutschland.","og_url":"https:\/\/www.schwaben-international.de\/schueleraustausch\/gastfamilie-werden\/","og_site_name":"Sch\u00fcleraustausch","article_modified_time":"2023-03-23T14:58:20+00:00","og_image":[{"width":1200,"height":300,"url":"https:\/\/www.schwaben-international.de\/schueleraustausch\/wp-content\/uploads\/sites\/2\/2016\/08\/allg-info-01.jpg","type":"image\/jpeg"}],"twitter_card":"summary_large_image","twitter_misc":{"Gesch\u00e4tzte Lesezeit":"2\u00a0Minuten"},"schema":{"@context":"https:\/\/schema.org","@graph":[{"@type":"WebPage","@id":"https:\/\/www.schwaben-international.de\/schueleraustausch\/gastfamilie-werden\/","url":"https:\/\/www.schwaben-international.de\/schueleraustausch\/gastfamilie-werden\/","name":"Gastfamilie werden - Sch\u00fcleraustausch Schwaben International e.V.","isPartOf":{"@id":"https:\/\/www.schwaben-international.de\/schueleraustausch\/#website"},"datePublished":"2016-02-06T17:21:47+00:00","dateModified":"2023-03-23T14:58:20+00:00","description":"Als Gastfamilie erm\u00f6glichen Sie einem jungen Menschen Einblicke in den Familien- und Schulalltag in Deutschland.","breadcrumb":{"@id":"https:\/\/www.schwaben-international.de\/schueleraustausch\/gastfamilie-werden\/#breadcrumb"},"inLanguage":"de","potentialAction":[{"@type":"ReadAction","target":["https:\/\/www.schwaben-international.de\/schueleraustausch\/gastfamilie-werden\/"]}]},{"@type":"BreadcrumbList","@id":"https:\/\/www.schwaben-international.de\/schueleraustausch\/gastfamilie-werden\/#breadcrumb","itemListElement":[{"@type":"ListItem","position":1,"name":"Startseite","item":"https:\/\/www.schwaben-international.de\/schueleraustausch\/"},{"@type":"ListItem","position":2,"name":"Gastfamilie werden"}]},{"@type":"WebSite","@id":"https:\/\/www.schwaben-international.de\/schueleraustausch\/#website","url":"https:\/\/www.schwaben-international.de\/schueleraustausch\/","name":"Sch\u00fcleraustausch","description":"Schwaben International e.V.","publisher":{"@id":"https:\/\/www.schwaben-international.de\/schueleraustausch\/#organization"},"potentialAction":[{"@type":"SearchAction","target":{"@type":"EntryPoint","urlTemplate":"https:\/\/www.schwaben-international.de\/schueleraustausch\/?s={search_term_string}"},"query-input":{"@type":"PropertyValueSpecification","valueRequired":true,"valueName":"search_term_string"}}],"inLanguage":"de"},{"@type":"Organization","@id":"https:\/\/www.schwaben-international.de\/schueleraustausch\/#organization","name":"Schwaben International e.V.","url":"https:\/\/www.schwaben-international.de\/schueleraustausch\/","logo":{"@type":"ImageObject","inLanguage":"de","@id":"https:\/\/www.schwaben-international.de\/schueleraustausch\/#\/schema\/logo\/image\/","url":"https:\/\/www.schwaben-international.de\/schueleraustausch\/wp-content\/uploads\/sites\/2\/2016\/08\/logo-1.png","contentUrl":"https:\/\/www.schwaben-international.de\/schueleraustausch\/wp-content\/uploads\/sites\/2\/2016\/08\/logo-1.png","width":300,"height":90,"caption":"Schwaben International e.V."},"image":{"@id":"https:\/\/www.schwaben-international.de\/schueleraustausch\/#\/schema\/logo\/image\/"}}]}},"_links":{"self":[{"href":"https:\/\/www.schwaben-international.de\/schueleraustausch\/wp-json\/wp\/v2\/pages\/11","targetHints":{"allow":["GET"]}}],"collection":[{"href":"https:\/\/www.schwaben-international.de\/schueleraustausch\/wp-json\/wp\/v2\/pages"}],"about":[{"href":"https:\/\/www.schwaben-international.de\/schueleraustausch\/wp-json\/wp\/v2\/types\/page"}],"author":[{"embeddable":true,"href":"https:\/\/www.schwaben-international.de\/schueleraustausch\/wp-json\/wp\/v2\/users\/2"}],"replies":[{"embeddable":true,"href":"https:\/\/www.schwaben-international.de\/schueleraustausch\/wp-json\/wp\/v2\/comments?post=11"}],"version-history":[{"count":2,"href":"https:\/\/www.schwaben-international.de\/schueleraustausch\/wp-json\/wp\/v2\/pages\/11\/revisions"}],"predecessor-version":[{"id":3297,"href":"https:\/\/www.schwaben-international.de\/schueleraustausch\/wp-json\/wp\/v2\/pages\/11\/revisions\/3297"}],"wp:attachment":[{"href":"https:\/\/www.schwaben-international.de\/schueleraustausch\/wp-json\/wp\/v2\/media?parent=11"}],"curies":[{"name":"wp","href":"https:\/\/api.w.org\/{rel}","templated":true}]}}